*x**2 - 64*x - 57. Calculate n(-18).
123
Let f(s) = -2*s**3 + 18*s**2 - 25*s - 10. Determine f(7).
11
Let r(b) = 2*b**2 - 24*b - 1. Calculate r(15).
89
Let o(l) = 13*l**3 + l**2 - 25*l + 23. What is o(1)?
12
Let x(y) = 1839*y + 9215. What is x(-5)?
20
Let v(a) = 12*a**3 - 2*a**2 - 2*a + 5. Give v(1).
13
Let m(y) = y**3 - 6*y**2 + 2*y - 17. Calculate m(3).
-38
Let b(c) = -2*c**2 + 89*c + 2925. Give b(-22).
-1
Let i(k) = -40462*k - 40455. Determine i(-1).
7
Let g(o) = -5*o**2 - 33*o - 11. Give g(-6).
7
Let y(s) = s**3 + 11*s**2 - 59*s - 19. Determine y(-15).
-34
Let y(x) = 40*x - 1232. Calculate y(30).
-32
Let z(r) = -2269*r + 18133. Give z(8).
-19
Let z(c) = -2*c**2 - 51*c - 147. Determine z(-23).
-32
Let p(n) = -16*n + 865. Give p(51).
49
Let a(z) = -2*z**2 + 6*z + 5. Give a(1).
9
Let w(s) = 14*s**2 + 56*s + 48. Give w(-4).
48
Let i(t) = -t**3 - 7*t**2 - 9*t - 63. What is i(-7)?
0
Let c(m) = -4*m**2 + 4*m + 24. Calculate c(5).
-56
Let b(o) = -6*o**3 - 163*o**2 - 28*o - 1. What is b(-27)?
26
Let x(d) = d**2 - 21*d + 15. Calculate x(9).
-93
Let g(b) = 35*b - 429. Give g(12).
-9
Let m(u) = 2*u**2 - 174*u + 2856. Calculate m(65).
-4
Let c(b) = 46*b**2 + 41*b + 2. Calculate c(3).
539
Let h(a) = -2*a**3 + 13*a**2 + 14*a - 51. Calculate h(7).
-2
Let k(g) = -26*g**2 - 274*g - 140. Determine k(-10).
0
Let c(x) = -x**3 + 75*x**2 - 219*x + 140. What is c(72)?
-76
Let h(o) = 4*o**2 + 32*o + 57. Give h(-3).
-3
Let x(z) = 67*z**2 - 2*z + 6. Calculate x(0).
6
Let m(f) = 176*f**2 + 857*f - 110. Calculate m(-5).
5
Let g(u) = -915*u - 6346. Calculate g(-7).
59
Let m(n) = -1185*n + 8308. Calculate m(7).
13
Let w(x) = -22*x + 7. Calculate w(1).
-15
Let w(z) = z**3 + 19*z**2 + 45*z - 30. Calculate w(-14).
320
Let s(w) = 490*w - 123490. Calculate s(252).
-10
Let y(c) = c**3 - 8*c**2 + 356*c - 3312. Give y(9).
-27
Let p(i) = 232*i + 3250. Calculate p(-14).
2
Let g(j) = 2*j**3 - 34*j**2 + 10*j - 80. Calculate g(17).
90
Let a(x) = x**3 - 49*x**2 + 96*x + 7. What is a(2)?
11
Let p(s) = s**3 + 3*s**2 + 2*s - 5. What is p(-3)?
-11
Let b(t) = 4*t**2 - 25*t - 24. What is b(9)?
75
Let t(w) = -5*w**2 - 16*w - 9. Determine t(-6).
-93
Let t(y) = y**2 - 45*y + 556. Calculate t(27).
70
Let b(t) = 11*t**2 + 135*t + 404. What is b(-3)?
98
Let d(f) = 181*f + 723. Give d(-4).
-1
Let a(k) = k**3 - k**2 + 23*k - 80. Determine a(3).
7
Let s(u) = -2*u**3 + 17*u**2 - 25*u + 12. Determine s(7).
-16
Let j(n) = -33*n - 267. Determine j(-9).
30
Let l(v) = -5*v**3 + 60*v**2 - 57*v + 697. Give l(12).
13
Let l(d) = -2*d**2 + 52*d + 1640. What is l(-20)?
-200
Let x(g) = g**3 - 46*g**2 - 48*g - 173. Determine x(47).
-220
Let n(w) = -20*w**2 - 46*w + 10. Determine n(4).
-494
Let p(h) = 645*h - 1788. Determine p(3).
147
Let k(j) = -32*j + 884. What is k(27)?
20
Let d(z) = -z**3 - 27*z**2 + 120*z + 860. Give d(-30).
-40
Let q(i) = -197*i + 3942. Determine q(20).
2
Let v(g) = -7*g**3 - g**2 - 4*g - 2. Calculate v(-1).
8
Let m(f) = 6*f**2 + 4*f - 19. Give m(-4).
61
Let a(g) = 20*g + 304. Calculate a(-16).
-16
Let j(y) = y**3 + 13*y**2 + 36*y - 1. Determine j(-4).
-1
Let q(u) = -u**3 + 50*u**2 - 198*u + 640. Determine q(46).
-4
Let y(r) = -2*r + 175. Determine y(0).
175
Let a(m) = -1278*m - 2525. Calculate a(-2).
31
Let h(q) = q**3 - 14*q**2 - 19*q - 203. Determine h(16).
5
Let v(t) = t**3 + 20*t**2 + 109*t - 15. Determine v(-7).
-141
Let l(f) = -f**3 - 6*f**2 + 94*f + 23. Calculate l(-13).
-16
Let c(m) = -m**3 + 63*m**2 - 988*m + 951. Give c(25).
1
Let r(t) = t**3 - 8*t**2 + 4*t - 37. Calculate r(8).
-5
Let q(g) = 79*g - 4264. Determine q(53).
-77
Let z(b) = -b**2 + 20*b + 644. Determine z(35).
119
Let z(y) = -39*y**2 + 432*y - 27. Calculate z(11).
6
Let d(z) = -3*z**2 - 2*z + 28. Determine d(0).
28
Let j(c) = c**3 + 188*c**2 - 82368*c + 7. What is j(-396)?
7
Let x(g) = -3*g**3 + 2*g**2 + 3*g - 3. Determine x(-3).
87
Let b(t) = -t - 64. What is b(-10)?
-54
Let k(o) = -25*o + 332. Give k(13).
7
Let a(c) = 7628*c - 61017. Determine a(8).
7
Let s(x) = -91*x - 4646. Give s(-51).
-5
Let z(r) = r**2 - 5*r - 72. What is z(11)?
-6
Let b(i) = i**3 - 2*i**2 - 27*i - 4. Give b(6).
-22
Let c(d) = 455*d + 498. Give c(-2).
-412
Let t(v) = 29*v**2 - 74*v + 42. Determine t(2).
10
Let g(u) = u**3 - 12*u**2 + 33*u + 18. Calculate g(8).
26
Let x(v) = -68*v**3 - 18*v**2 + 24*v - 5. Calculate x(1).
-67
Let k(x) = -x**3 - 42*x**2 + 113*x + 3009. Determine k(-43).
-1
Let n(v) = 19*v**2 + 5*v + 3. Determine n(-1).
17
Let c(l) = -137*l - 12901. Calculate c(-94).
-23
Let p(r) = -2*r**2 - 22*r - 169. Determine p(-7).
-113
Let t(f) = 2*f**2 + 57*f - 4. Give t(-28).
-32
Let w(k) = -9*k**3 - 20*k - 22. What is w(-3)?
281
Let r(q) = 4*q**3 + 3*q**2 + q - 3. Calculate r(-2).
-25
Let n(m) = m**2 + 27*m + 132. Calculate n(-19).
-20
Let z(c) = -c**3 + 6*c**2 - 4*c + 134. What is z(7)?
57
Let a(o) = -2*o**3 - 99*o**2 - 35*o - 4231. What is a(-50)?
19
Let r(i) = 4*i**2 + 384*i - 797. What is r(-98)?
-13
Let d(y) = -4*y**3 + 20*y**2 + 6*y - 17. Calculate d(6).
-125
Let c(q) = 4*q**3 - 70*q**2 + 29*q + 132. What is c(17)?
47
Let x(y) = 167*y - 663. What is x(4)?
5
Let d(w) = -2*w**3 - 139*w**2 + 68*w - 100. Determine d(-70).
40
Let v(m) = -m**3 + 7*m**2 + 1544*m + 170. Give v(43).
-2
Let w(a) = -235*a - 4480. Determine w(-19).
-15
Let o(s) = -s**2 - 78*s - 1457. What is o(-42)?
55
Let z(q) = -18*q - 31. Give z(-2).
5
Let v(l) = -l**3 + 13*l**2 + 160*l - 67. What is v(-8)?
-3
Let k(c) = -286*c - 28045. What is k(-98)?
-17
Let f(z) = z**2 - 62*z + 1084. What is f(31)?
123
Let j(m) = -81*m + 67. What is j(0)?
67
Let p(g) = -g**3 + 23*g**2 - 160*g + 757. Calculate p(16).
-11
Let l(z) = 4*z**2 - 327*z - 1838. Determine l(87).
-11
Let d(j) = 835*j + 4967. Calculate d(-6).
-43
Let z(l) = -2*l**3 - 99*l**2 - 10*l - 2994. Calculate z(-50).
6
Let c(k) = -32*k - 1368. Calculate c(-43).
8
Let t(k) = 7*k**2 + 65*k - 22. Calculate t(-5).
-172
Let h(l) = 60*l + 84. Determine h(-9).
-456
Let z(d) = d**2 + 3328*d + 3329. Calculate z(-1).
2
Let c(y) = y**2 - 76*y - 9791. Give c(-68).
1
Let c(u) = u**2 + 121*u - 3217. Determine c(22).
-71
Let z(h) = h**2 - 50*h + 442. What is z(36)?
-62
Let l(x) = 7*x**2 + 10. Calculate l(6).
262
Let o(b) = b**2 + 17*b - 54. Calculate o(-23).
84
Let k(f) = f**2 + 200*f - 3. What is k(0)?
-3
Let z(v) = -v**3 + 13*v + 23. What is z(-2)?
5
Let q(w) = -12309*w + 98482. Calculate q(8).
10
Let s(c) = -22*c**2 - 178*c - 10. Give s(-9).
-190
Let l(c) = c**3 + 99*c**2 - 200*c + 196. What is l(-101)?
-6
Let x(i) = -6*i**2 - 6*i + 2. Give x(-1).
2
Let a(y) = -y**2 - 47*y - 378. Determine a(-10).
-8
Let j(v) = -19*v + 90. Calculate j(-9).
261
Let s(f) = 102*f**2 - 1428*f + 7. Give s(14).
7
Let g(j) = 391*j + 4301. Calculate g(-11).
0
Let o(i) = -305*i - 2508. What is o(-8)?
-68
Let r(g) = 103*g - 622. Determine r(6).
-4
Let v(t) = 2*t**3 - 14*t**2 + 21*t - 10. Calculate v(5).
-5
Let b(g) = -g**3 + 55*g**2 + 61*g - 280. What is b(56)?
0
Let l(a) = 11*a + 531. Calculate l(-37).
124
Let h(v) = 6*v**2 - 12*v - 44. What is h(-4)?
100
Let r(j) = -396*j + 389. Give r(1).
-7
Let k(t) = 7*t**2 + 29*t - 6. Calculate k(-3).
-30
Let n(m) = 431*m + 1279. Give n(-3).
-14
Let t(l) = -509*l - 2085. What is t(-4)?
-49
Let f(r) = -2*r**2 - 96*r + 189. What is f(-50)?
-11
Let h(b) = 4*b**2 - 49*b - 27. Determine h(12).
-39
Let h(t) = -80*t - 347. Calculate h(-6).
133
Let a(k) = k**2 - 36*k - 567. What is a(-13)?
70
Let p(u) = -68*u + 277. Give p(4).
5
Let w(p) = -10*p**2 - 7*p + 26. Give w(2).
-28
Let r(a) = 2*a**2 + 44*a - 511. Calculate r(9).
47
Let o(d) = -2*d**2 + 433*d - 22165. Calculate o(83).
-4
Let b(w) = -w**2 + 26*w + 154. Give b(35).
-161
Let g(y) = -62*y + 191. Give g(-6).
563
Let o(b) = 30*b + 3779. Determine o(-126).
-1
Let x(n) = n**3 + 26*n**2 - 289*n + 80. Give x(8).
-56
Let n(z) = z**2 + 2494*z + 12443. Calculate n(-5).
-2
Let r(i) = 40*i - 187. Calculate r(4).
-27
Let a(q) = 2*q**2 - 17*q - 103. Give a(13).
14
Let o(g) = -g**3 - 98*g**2 - 462*g - 14. What is o(-93)?
-293
Let p(r) = -r**3 + 8*r**2 - 22*r - 15. Determine p(6).
-75
Let s(f) = -2*f**3 - 112*f**2 + 120*f - 122. Give s(-57).
-464
Let y(q) = -208*q - 218. Calculate y(-1).
-10
Let c(f) = 215*f - 4755. Determine c(22).
-25
Let p(d) = 13*d**2 + 935*d - 127. Give p(-72).
-55
